24. Let l be a(10). Let q(x) = 2*x**2 + 7*x + 6. Give q(l).
10
Let y be ((-9)/9)/(-4*(-4)/48). Let x(c) = -c**3 - 3*c**2 + 2*c. Determine x(y).
-6
Let k(d) = -2 - 19*d - 3 + 20*d. Let s = 60 + -53. Calculate k(s).
2
Suppose d - 6 = 5*k, 0*k - 6 = k - 5*d. Let s(t) = -t**3 - 5*t**2 + 10*t + 8. Let h(z) = -z - 19 + 37 - 18. Let n(w) = k*s(w) - 2*h(w). Calculate n(-6).
4
Suppose 0 = 5*s + a - 13, 0 = 3*s - 2*a - a - 15. Let j(x) be the second derivative of 5*x + 1/6*x**3 - 7/2*x**2 + 0. What is j(s)?
-4
Suppose -14*l = -10*l - 12. Suppose -19 = l*u - 4*r + 13, 4*u + r = -11. Let n(j) = 2*j**2 + 6*j + 4. Calculate n(u).
12
Let h = 304 + -301. Let c(y) = y + 5. Calculate c(h).
8
Let g(x) = -x**2 - 9*x - 2. Let a = -92 - -50. Let f = a + 34. Give g(f).
6
Let m(a) = a**3 - 5*a**2 + 3. Let u(j) = -j**2 - 17*j + 23. Let b(t) = 4*t + 18. Let w be b(-9). Let r be u(w). Determine m(r).
3
Let l(j) = -3*j - 43. Let c(s) = 6*s + 91. Let o(w) = 3*c(w) + 5*l(w). Calculate o(-20).
-2
Let h(p) = -p**2 - 4*p + 73. Let f be h(0). Let s(b) = 123 - f - 71 - b**3. Give s(0).
-21
Suppose 4*n + 18 = 6*n. Let d be n/(-6)*20/(-15). Let p(m) = d*m**2 - 3*m**2 + 5*m**2. Determine p(1).
4
Let g = 5 - 3. Let n(w) be the second derivative of w**3/6 - w**2/2 + 31*w. Give n(g).
1
Let h(p) = -p**3 + 15*p**2 + 17*p - 21. Suppose -3*i + 54 = -3*g, -g = i + 33 - 47. Determine h(i).
-5
Let d(w) = 911*w**3 - 909*w**3 + 13 - 11 - 5*w - 3*w**2. What is d(3)?
14
Let l(v) = -11*v - 1. Let x = 651 + -652. Determine l(x).
10
Let b = 1 + 2. Let l(t) = 2*t - 8. Let k be l(6). Let x(p) = 4 - 7*p + 3*p**3 + 7*p**2 - 1 - k*p**b. Determine x(6).
-3
Suppose 0 = 3*z - z - 8. Let u be (z - -2)/(-1 - -2). Let m(w) = -6*w + u*w**2 + 0*w**3 + 2*w**2 + 2 - w**3. Determine m(7).
9
Let q(p) = -p**3 - 11*p**2 - 10*p - 2. Let l be 3 + -6*(4 + 0)/(-12). Suppose -4*f + 2*s + 18 = -5*f, -5*f + l*s = 30. Calculate q(f).
-2
Suppose 5*b = -3*h - 16, 3*b = -5*h - 0*b. Suppose -h*j + 57 = 15. Let k(l) = -2 - 2 + j + l. What is k(-6)?
4
Let h(b) = -b**2 + 12*b - 35. Let l be h(6). Let a(f) be the first derivative of f - l + 3/2*f**2. Determine a(-1).
-2
Let l(k) = -11*k**3 + 2*k + 1. Suppose 0*o - 4*o - 195 = -5*z, -2*z + 3*o = -78. Let n = 68 - z. Suppose -4*u - 37 + 16 = y, -5*u - n = 4*y. Determine l(y).
10
Let b(s) be the third derivative of 1/12*s**5 - 7/24*s**4 + s**3 + 0*s + 1/120*s**6 + 0 - 7*s**2. What is b(-6)?
12
Suppose -3*g = 2*k + 3, -2*k = -3*k + g + 6. Let w(d) = 14*d - 7*d - 6*d**k + 2*d**2 - 8*d + 0*d**2. Give w(1).
-5
Let d(g) = -g - 5. Let y = -163 + 158. Determine d(y).
0
Suppose 137*h = 142*h + 15. Let z(u) = -u**2 + u + 7. Calculate z(h).
-5
Let k = -9 - -13. Suppose -2*s + 6 = -6. Let t(l) = 5*l**2 - 4*l**2 + 2 - s*l + 0*l**2. What is t(k)?
-6
Let q(w) be the third derivative of 11*w**4/24 - w**3/2 + 17*w**2. Let i(o) = -5*o + 1. Let n(r) = 5*i(r) + 2*q(r). What is n(3)?
-10
Let p(n) = 2*n - 29. Let v be p(17). Let s(z) = -4*z + 1 - v*z - 4 - z. What is s(-2)?
17
Let o(j) = -1 - 1 - 2*j + j. Suppose -3*p = 2*p - 200. Let y = p + -36. Calculate o(y).
-6
Let b(r) be the second derivative of -1/6*r**3 + 5*r - 5 - 15/2*r**2. What is b(-8)?
-7
Let w(f) = 3*f**2 + 4*f + 3. Let g(u) = -2*u**2 - 2*u - 2. Let n(v) = 5*g(v) + 3*w(v). Let l = 18 - 14. Suppose -t = z + 3, l*z + z = -4*t - 14. What is n(z)?
-9
Let w(p) = -2*p - 34. Let k(m) = -7. Let a(v) = -22*k(v) + 4*w(v). Calculate a(3).
-6
Let w(b) = -74*b + 2*b**3 + 73*b - 3*b**3 + 6*b**2 - 1. Let v be 39/12 - 2/8. Let m be 1*v*(-4 + 6). Calculate w(m).
-7
Let l(b) = -b**3 + 6*b**2 - 4*b - 1. Suppose -30*j + 49 = -23*j. Suppose 12*h - 55 = -j. Give l(h).
15
Let l(i) = 224*i - 449*i + 1 + 220*i. What is l(-6)?
31
Let h(w) = -8*w**2 + 2*w - 1. Let j = 15 + -15. Suppose 2*s - 13 = -3*a, -3*a = -j*s - 4*s + 17. What is h(a)?
-7
Let c = 17 + -8. Let g be (-7 + c)/(4/(-6)). Let v be g/3*-3 - -1. Let o(z) = -z**2 + 5*z - 4. What is o(v)?
0
Let r = -26 - -28. Let i(c) = 2 - c**r + 343*c + 2*c**2 - 338*c. Give i(-4).
-2
Suppose -15 = -2*s + 3*b, -3*b + 4*b - 3 = -2*s. Suppose 7 = -5*w + 22. Suppose -5*c = w*t - 2*c - 6, -t - 2*c = -s. Let g(n) = 6*n - 1. Give g(t).
5
Let r = 184 - 180. Suppose v - 2*g + 5*g = -2, -v - 5*g - r = 0. Let j(l) = 3*l - 2 + 2*l + 1. Give j(v).
4
Let c(t) be the third derivative of t**7/5040 + t**6/360 - t**5/20 - 3*t**2. Let i(r) be the third derivative of c(r). Let g = 15 - 10. Determine i(g).
7
Let t(o) = 7*o**2 - 5*o - 1. Let x(v) = -8*v**2 + 7*v + 2. Let m(k) = -3*t(k) - 2*x(k). Give m(-2).
-23
Let c(r) = 4 + 5*r**3 + r**3 - r**2 + 0*r**2 - 2*r**3. Let s(g) = -3*g**3 + 2*g**2 - g - 3. Let n(b) = 2*c(b) + 3*s(b). Let a = 11 + -7. Determine n(a).
-13
Let m(v) = -49 + 0*v**2 - v + 4*v**2 - 2*v**2 + 41. Let z be m(3). Let t(p) = -p**3 + 7*p**2. Give t(z).
0
Let k(s) = -5*s**2 - 44*s + 18. Let f(g) = 3*g**2 + 29*g - 11. Let w(n) = 8*f(n) + 5*k(n). Give w(11).
13
Suppose 5*u - 10 = -0*u. Let l(s) = 3*s**3 - 3 - 5*s**3 - 8*s - 14*s**u + 24*s**2 + s**3. What is l(9)?
6
Let v(x) = -2*x - 44. Let m be v(-24). Suppose -5*t + 5 = -2*d, 15 = -5*d + m*t - 6. Let k(s) = s**3 + 4*s**2 - s - 3. Give k(d).
-23
Let n be (-78)/(-27) - (-4 - (-140)/36). Let c(p) be the second derivative of 1/20*p**5 + 0 + 5/12*p**4 + 0*p**3 + n*p - 5/2*p**2. Give c(-5).
-5
Let j(l) be the second derivative of -l**3/6 + 17*l**2/2 + 114*l + 2. Calculate j(15).
2
Let m(l) = -7*l. Let b be -6*1/2 - 1. What is m(b)?
28
Let g(w) be the third derivative of w**5/60 - w**4/6 + w**3/2 + 7*w**2 + 9. Calculate g(3).
0
Let w(l) = 3*l**2 - 4*l - 5. Suppose -3 = 3*k - 4*k. Suppose -k*u - 42 = -27. Let x(z) = z**2 - 2*z - 2. Let j(h) = u*x(h) + 2*w(h). Calculate j(2).
8
Let n(k) = k**3 + 4*k**2 - 6*k - 1. Let s be n(-5). Let l(w) = 6 - s - w**2 + 2. Let f = 1 - 4. Determine l(f).
-5
Let w(m) = 4*m + 1. Let v(g) = -g + 3. Let z be v(3). Let f be 1 - (12/(-4) - z). Suppose -f*i = 10 - 6. Determine w(i).
-3
Let t = -2 - -1. Let q be 2*(0 + t - (-27)/18). Let j(d) = 11*d**3 + 4 - 6 + 3. Determine j(q).
12
Let z be 2/3*-2*(-135)/30. Let d(s) = -4*s + 3. Determine d(z).
-21
Let n(y) = 16*y + 10 - 48*y + 31*y. Let s(m) = 2*m**2 - 3*m - 2. Let w be s(3). Calculate n(w).
3
Suppose 3*t - r + 2 = -2, -2*t + 5*r = 7. Let p(a) = 7*a + 1. Give p(t).
-6
Let u(t) = -12*t + 19*t + 1 - 7*t - 6*t. Determine u(1).
-5
Let j(b) = -18846*b + b**2 + 18841*b - 1815 + 1809. Suppose -18 = -5*t + 7. What is j(t)?
-6
Let p(d) = -d**2 - d - 10. Let c = -186 + 186. Give p(c).
-10
Suppose -152 = -4*t - 168, -5*w - 5*t = 35. Let k(y) = -y**3 - 9*y + 6. Let j(i) = -i**2 + i - 1. Let v(b) = 5*j(b) + k(b). Give v(w).
-5
Suppose -5*b + 2 = 2*o, -6 = -3*o - 4*b + 4. Let f(j) = o*j - j**2 - 2 - 3 - 7*j + 8*j. Calculate f(6).
1
Let a(k) be the first derivative of 7*k**2/2 + 9*k - 279. Calculate a(-5).
-26
Let x(w) = -w - 14. Suppose 0 = 6*j - 192 - 156. Suppose j*g - 56*g = -12. Calculate x(g).
-8
Let v = 8 + -11. Let n(h) = -h**2 - 7*h. Let q(l) = -l**2 - 6*l + 1. Let a(i) = v*n(i) + 4*q(i). Let x = 3 - 8. What is a(x)?
-6
Let y(f) be the third derivative of -1/12*f**4 - 1/6*f**3 + 0*f + 3*f**2 - 1/20*f**5 + 0. Let l = 26 - 27. Determine y(l).
-2
Let l(b) = 10*b - 6. Let y(t) be the first derivative of -5*t**2/2 + 3*t - 7. Let q(v) = 4*l(v) + 7*y(v). Suppose -5 - 1 = 2*p. What is q(p)?
-18
Suppose 30*f - 28*f = 4. Let w(b) = -5*b**2 + 7*b - 7 + 0*b + 4*b**f. Calculate w(5).
3
Suppose -20*m - 4*m - 144 = 0. Let y(c) = -4*c**3 + 25*c**2 - 4*c + 2. Let l(f) = 3*f**3 - 17*f**2 + 3*f - 1. Let p(d) = 7*l(d) + 5*y(d). Determine p(m).
-3
Let i be (-360)/25 - 10/(-25). Let j(z) = -z**3 - 13*z**2 + 14*z + 7. What is j(i)?
7
Let j(d) = d**3 - 4*d**2 - 3*d - 5. Suppose -c + 4*g + 1 = 0, 3*c + 0*g - g - 14 = 0. Calculate j(c).
5
Let h(c) = 3*c**2 - 5*c. Suppose 0 = -2*j - 3*y - 9, 5*y + 8 + 32 = 5*j. Calculate h(j).
12
Let n be (2 + -3)*(-2 - -7). Let q(g) be the first derivative of 0*g**2 + 1/4*g**4 - 4*g + 5/3*g**3 - 25. Calculate q(n).
-4
Suppose -14 = -2*t - 12*t. Let q(v) = -v**3 + 2*v - 1. Calculate q(t).
0
Let t(u) be the second derivative of -u**5/20 + u**4/2 - u**3/2 - 7*u**2/2 + 2*u. Let f = -16 + 22. Suppose p = f*p - 25. Calculate t(p).
3
Let y(p) = 3*p**2 + p - 1. Let l be 3/(-6) + 17/2. Let h be (4/l)/((-3)/(-6